t t be r(x). What is the highest common divisor of t and 2?
2
Suppose -5*w = -3*k - 160, 0 = -k + 4*w - 7*w - 44. Let g be 55632/180 + (-4)/60. Let l = g + k. What is the greatest common factor of 37 and l?
37
Let z(a) = -365 + 187 - a**2 + 185 + 17*a. Let u be z(10). What is the greatest common divisor of u and 7?
7
Let t be (((-540)/(-9))/(-10) - 9)*-1. Calculate the highest common factor of 2235 and t.
15
Let c(y) = -y**3 - 17*y**2 - 15*y - 80. Let n be c(-17). What is the greatest common divisor of n and 595?
35
Let h(w) = -4 + 15*w + 1 - w**3 - 17*w + 9*w + 9*w**2. Let f be h(9). Calculate the greatest common divisor of f and 20.
20
Let g be (-90)/(-180) + 810/4. What is the highest common factor of g and 35?
7
Let l = 764 + -752. Let d be -24*(-5 - (-42)/l). What is the greatest common divisor of d and 4?
4
Suppose -2 = -l, -5*t + 2512 = 89*l - 93*l. What is the greatest common factor of 420 and t?
84
Let o = -145 + 201. Let q be ((-4)/(-6))/((-6)/(-189)). Calculate the highest common factor of q and o.
7
Let p be ((-96)/(-20))/(((4 - 3) + -5)/(-10)). Calculate the greatest common factor of 6252 and p.
12
Let u(r) = -r**2 + 11*r - 12. Let t be 1 + 0 - 5/(30/(-192)). Let a be t/6 + 1*2/(-4). Let w be u(a). Calculate the greatest common factor of 162 and w.
18
Let s(b) = 2*b**2 + 6*b + 10. Let f be s(-3). Let y be 918*1*(-1)/(-2). Suppose 0 = f*j - y - 291. What is the highest common divisor of j and 50?
25
Let b be -2 + 0 + 2 + 12. Let y = b + -12. Suppose 0 = -y*u + u - 232. What is the greatest common factor of u and 29?
29
Suppose -11*m = 3*m - 50526. Calculate the greatest common divisor of m and 9.
9
Suppose 4*s - 3*g - 2723 = 0, 5*s = 2*g + 2*g + 3404. What is the highest common factor of 60 and s?
20
Let t(u) = -89*u - 114. Let r be t(-2). Calculate the greatest common divisor of r and 544.
32
Let z(l) = -61*l - 57. Let n be z(-7). Suppose i = 382 - n. Calculate the greatest common divisor of i and 32.
4
Let h = 95 + -90. Suppose 0 = -h*p + 1535 + 865. What is the greatest common factor of 15 and p?
15
Suppose 12 = -4*f - 4*p, 4*f - 8*p - 9 = -5*p. Suppose 284*m - 288*m + 24 = f. Let b = 41 - 11. What is the greatest common factor of b and m?
6
Let i(a) = -52*a - 8. Let q = -50 + 49. Let s be i(q). Calculate the highest common divisor of 396 and s.
44
Let t = 326 - 285. Suppose -3*i = s - t, 13*i + s = 14*i - 7. Let r be ((-8)/(-6))/(2/36). What is the highest common factor of i and r?
12
Let f be -98*(-44)/48 + (-5)/(-30). Suppose -3*r = -12, -r = a - f - 414. What is the greatest common divisor of 40 and a?
20
Suppose -a - 2*j = -123 + 79, 2*a - 4*j = 112. Calculate the greatest common factor of 840 and a.
10
Suppose 0 = -2*f - 3*f + 725. Let j(c) = 16*c - 58. Let i be j(6). Suppose 0 = 42*x - i*x - 116. What is the greatest common factor of f and x?
29
Suppose 0*u - 2*u + 16 = 0. Suppose -10*k + 617 + 303 = 0. Suppose -4*z = r - k, -z = -2 - 1. Calculate the greatest common divisor of r and u.
8
Let v(a) = a**3 - 3*a**2 - 4*a + 1. Let b be v(3). Let q = b - -16. Suppose 2*z = -69*z + 5*z + 3630. Calculate the greatest common divisor of z and q.
5
Suppose -y = -5*s - 41, 7*s = 3*y + 2*s - 113. Suppose -k - 3*k + y = g, 3*k = 12. Let p be 322/3 - g/(-30). Calculate the highest common factor of p and 12.
12
Suppose 28*a + 325 = 2509. What is the highest common divisor of a and 416?
26
Let q(g) be the third derivative of -g**6/20 + g**5/10 + g**4/24 + 17*g**3/6 - g**2 - 71. Let l be q(-5). Calculate the greatest common divisor of l and 57.
57
Suppose -6*a = 4*m - 9*a - 6066, 14*a - 7618 = -5*m. What is the greatest common divisor of m and 330?
66
Suppose 147 - 1107 = -15*y. Suppose 62*i + 30 = y*i. Calculate the greatest common divisor of 75 and i.
15
Suppose 0 = -99*t + 135250 + 86510. What is the highest common divisor of 260 and t?
20
Let l be (-6)/(-7)*(-6 + 159 + 1). Calculate the greatest common divisor of 17292 and l.
132
Let m be ((-476)/187)/(2/(-11)). Let o = 0 - -6. Let x = 13 - o. Calculate the greatest common divisor of m and x.
7
Let p be (((-1056)/(-110))/(-8))/((-3)/35). Calculate the highest common divisor of 4 and p.
2
Let v = 2546 + -1770. Let h = 908 - v. Suppose -38 = -5*d + 22. Calculate the highest common divisor of h and d.
12
Suppose 2*c = 6*c + 3*h - 8198, 3*c - 2*h - 6140 = 0. Let b be c/320*(-1 - 54/(-4)). Suppose -b*m + 82*m = 936. What is the greatest common divisor of 52 and m?
52
Suppose 9*f - 4*f = -d - 759, -1 = -f. Let a = -442 - d. Calculate the greatest common factor of a and 92.
46
Suppose -17*h = -46*h + 629 + 357. Calculate the greatest common divisor of 2414 and h.
34
Let u(s) = 21*s**2 + 36*s - 324. Let x be u(6). Calculate the greatest common factor of 144 and x.
72
Suppose -17*y - 120 = 101. Let v be 1*(1185/13 + 2/y). Calculate the greatest common divisor of v and 14.
7
Suppose 21*b = 13*b + 24. Let l be 78/(0 + b) - 0. Calculate the highest common divisor of l and 2.
2
Suppose 0 = -3*x - x + 36. Let z(l) = 8*l - 53. Let m be z(12). Suppose -m*k = -52*k + 81. Calculate the greatest common factor of x and k.
9
Suppose 0*t + 90 = 6*t. Suppose -2*m + 55 = 3*l, l + 40 = 5*l - 4*m. Suppose 0 = -7*f + 2*f + l. What is the greatest common factor of f and t?
3
Let m = 55872 + -55817. Let w(t) = 16*t**2 - 11*t + 8. Let g be w(7). What is the greatest common factor of m and g?
55
Suppose -5*g - 134 = -3*k, 3*k + 4*g + 564 - 743 = 0. What is the greatest common divisor of k and 24221?
53
Let c(g) = g**2 + 138*g + 572. Let r be c(-4). What is the greatest common divisor of r and 876?
12
Let m be 136*(775/40 - 18). What is the greatest common divisor of 22 and m?
11
Suppose 317*y - 320*y - 273 = -2*l, -5*y = -l + 133. Calculate the highest common factor of l and 5451.
69
Let b = -54 - -55. Let m(n) = 75*n + 3. Let v be m(b). Let h = v - 54. Calculate the highest common divisor of 192 and h.
24
Suppose 2 - 22 = -5*j. Let r(d) = d**3 - 5*d**2 - 79*d - 49. Let s be r(12). Calculate the greatest common divisor of s and j.
1
Let m = -13046 - -13154. What is the greatest common factor of 6624 and m?
36
Let r(z) = -15*z**3 + 272*z**2 - 32*z + 4. Let l be r(18). Calculate the greatest common divisor of 741 and l.
19
Suppose -4*g - 55*z + 8180 = -51*z, 4102 = 2*g - 2*z. What is the greatest common divisor of 480 and g?
32
Let g(u) = u**2 + 16*u + 12. Let z be g(-17). Suppose 7*q + 132 = z*q. What is the greatest common factor of 46 and q?
2
Let b = -12 + 23. Let w = -8 + b. Calculate the highest common factor of w and 9.
3
Let b = -60 + 58. Let w(t) = -t**3 - 3*t**2 - 5*t - 4. Let m be w(b). Let k be m*45/6 + -3. What is the highest common divisor of k and 36?
12
Let r(n) = 15*n**2 - 6*n - 12. Let w be r(-2). Let x(h) = h**3 - 7*h**2 - 6*h - 1. Let v be x(8). Calculate the highest common divisor of w and v.
15
Let q be (-12)/(-3) + 1 + -2. Suppose 182 = m + 2*h, -q*m + 728 = m - 4*h. Suppose -68 - m = -5*f. What is the highest common divisor of 25 and f?
25
Let s(n) = -19*n**2 - 246*n + 25. Let x be s(-13). What is the greatest common divisor of 13548 and x?
12
Suppose -4*b - 8 = 0, -6*o - 3133 = -11*o - b. Suppose 0 = 3*d + 9*v - 11*v - 122, 182 = 5*d + 2*v. Calculate the highest common factor of o and d.
19
Let p be (-1141)/(-161) - 24/276. Let v = 273 - -154. Calculate the highest common factor of p and v.
7
Suppose 0*w = 3*w + 402. Let x = -122 - w. Calculate the highest common factor of 20 and x.
4
Let g = -1931 - -4280. What is the highest common divisor of g and 9?
9
Suppose -5*k = -o - 75, 2*k + 6*o + 27 = 25. What is the greatest common divisor of k and 189?
7
Let m = 2737 - 2726. Calculate the greatest common factor of m and 649.
11
Suppose 4*a - 1141 = -5*k, -2*a - 134 = -k - 715. Let h be 0 + (-1 + 2 - -16). Calculate the greatest common factor of a and h.
17
Suppose -25*i = -93*i + 5440. What is the greatest common factor of 470 and i?
10
Let t(k) = -k**2 + 16*k - 14. Let n be (45/60)/((-3)/(-8)). Let l be 13 + (2 - 0/n). Let f be t(l). Calculate the highest common divisor of 9 and f.
1
Let k(r) = -11*r**3 + 5*r**2 + 4*r + 4. Suppose -2*h = 6 - 2. Let x be k(h). What is the greatest common factor of 13 and x?
13
Suppose 8*p = -6 - 10. Let u be 398/(-19)*p - 20/(-190). Calculate the highest co